e 7612?
False
Is 53 a factor of 1194?
False
Is 6 a factor of 12353?
False
Is 3423 a multiple of 141?
False
Is 5265 a multiple of 25?
False
Does 27 divide 2454?
False
Is 11 a factor of 3256?
True
Is 280 a multiple of 7?
True
Does 29 divide 13891?
True
Is 768 a multiple of 24?
True
Is 2496 a multiple of 13?
True
Does 17 divide 154?
False
Is 3876 a multiple of 67?
False
Is 675 a multiple of 27?
True
Is 321 a multiple of 4?
False
Is 7 a factor of 472?
False
Is 16 a factor of 11999?
False
Is 85 a multiple of 3?
False
Is 17 a factor of 4471?
True
Is 159 a multiple of 2?
False
Is 156 a multiple of 3?
True
Does 11 divide 1127?
False
Is 113 even?
False
Does 32 divide 27454?
False
Does 25 divide 74526?
False
Is 8624 a multiple of 14?
True
Is 1733 a multiple of 14?
False
Is 3 a factor of 568?
False
Is 5199 a multiple of 50?
False
Is 490 a multiple of 49?
True
Does 7 divide 535?
False
Does 24 divide 1211?
False
Is 125 a factor of 33875?
True
Is 16 a factor of 112?
True
Does 31 divide 2170?
True
Does 8 divide 4241?
False
Is 57750 a multiple of 210?
True
Is 2157 a multiple of 20?
False
Is 37758 a multiple of 48?
False
Does 5 divide 23068?
False
Does 27 divide 281?
False
Does 42 divide 311?
False
Is 282 a factor of 31020?
True
Is 29 a factor of 319?
True
Does 34 divide 108261?
False
Is 47 a factor of 17390?
True
Does 43 divide 4484?
False
Does 7 divide 7?
True
Is 962 a multiple of 22?
False
Does 12 divide 18132?
True
Is 8102 a multiple of 89?
False
Does 78 divide 5614?
False
Does 15 divide 6485?
False
Is 99 a factor of 4950?
True
Is 138 a multiple of 49?
False
Does 162 divide 28804?
False
Does 85 divide 1089?
False
Is 202 a factor of 47615?
False
Is 7093 a multiple of 15?
False
Is 17 a factor of 7616?
True
Is 331 a multiple of 11?
False
Does 9 divide 194?
False
Is 24 a factor of 47664?
True
Does 101 divide 11951?
False
Is 210 a factor of 6390?
False
Is 9900 a multiple of 18?
True
Is 90 a factor of 16020?
True
Does 11 divide 44?
True
Does 3 divide 867?
True
Does 28 divide 23576?
True
Does 50 divide 1500?
True
Does 15 divide 913?
False
Does 8 divide 520?
True
Does 40 divide 1562?
False
Does 50 divide 1450?
True
Does 8 divide 250?
False
Is 15 a factor of 1168?
False
Is 125 a factor of 4250?
True
Is 209 a multiple of 9?
False
Is 29 a factor of 24099?
True
Is 53418 a multiple of 307?
True
Is 40708 a multiple of 89?
False
Does 5 divide 10018?
False
Is 6168 a multiple of 8?
True
Does 9 divide 4635?
True
Is 23 a factor of 5388?
False
Is 12 a factor of 9675?
False
Is 65 a factor of 11895?
True
Is 4 a factor of 346?
False
Is 39 a factor of 4602?
True
Is 23947 a multiple of 101?
False
Is 9374 a multiple of 47?
False
Is 4660 a multiple of 20?
True
Does 10 divide 4880?
True
Does 6 divide 2444?
False
Is 2 a factor of 43?
False
Is 200 a multiple of 6?
False
Does 92 divide 4218?
False
Does 71 divide 3262?
False
Is 11 a factor of 275?
True
Does 5 divide 1938?
False
Is 107 a multiple of 3?
False
Does 20 divide 35870?
False
Is 47 a factor of 859?
False
Does 39 divide 273?
True
Is 1050 a multiple of 3?
True
Is 22390 a multiple of 502?
False
Is 13 a factor of 407?
False
Does 10 divide 10050?
True
Does 40 divide 74123?
False
Is 5016 a multiple of 22?
True
Is 384 a multiple of 10?
False
Does 96 divide 4128?
True
Does 18 divide 756?
True
Is 50 a factor of 4993?
False
Does 15 divide 450?
True
Does 9 divide 38403?
True
Is 3 a factor of 1700?
False
Is 896 a multiple of 14?
True
Is 281 a factor of 48702?
False
Is 10 a factor of 3502?
False
Is 16 a factor of 1130?
False
Is 43706 a multiple of 16?
False
Is 41 a factor of 3239?
True
Is 3 a factor of 179?
False
Does 72 divide 2448?
True
Is 41791 a multiple of 8?
False
Does 21 divide 1849?
False
Is 9 a factor of 5782?
False
Is 8 a factor of 56?
True
Is 3 a factor of 1156?
False
Does 2 divide 1219?
False
Does 18 divide 17964?
True
Does 29 divide 974?
False
Is 5978 a multiple of 49?
True
Is 16 a factor of 496?
True
Is 239 a multiple of 5?
False
Does 37 divide 60?
False
Is 13490 a multiple of 30?
False
Does 12 divide 31155?
False
Does 10 divide 650?
True
Is 432 a multiple of 8?
True
Is 2604 a multiple of 21?
True
Is 15694 a multiple of 14?
True
Does 3 divide 4531?
False
Does 36 divide 28224?
True
Is 15 a factor of 60988?
False
Does 4 divide 7088?
True
Is 6975 a multiple of 75?
True
Is 569 a multiple of 46?
False
Does 70 divide 30590?
True
Is 1428 a multiple of 14?
True
Does 34 divide 956?
False
Is 208 a factor of 10816?
True
Is 3516 a multiple of 9?
False
Does 3 divide 3919?
False
Is 18 a factor of 12672?
True
Is 26 a factor of 26?
True
Does 16 divide 85216?
True
Is 40618 a multiple of 190?
False
Is 37 a factor of 4013?
False
Is 1825 a multiple of 73?
True
Is 229 a multiple of 8?
False
Is 9819 a multiple of 9?
True
Is 5696 a multiple of 32?
True
Does 5 divide 1029?
False
Is 13 a factor of 41444?
True
Is 30 a factor of 1470?
True
Is 46 a factor of 11300?
False
Does 14 divide 101108?
True
Is 4 a factor of 3350?
False
Does 36 divide 540?
True
Is 6897 a multiple of 33?
True
Does 43 divide 959?
False
Is 31500 a multiple of 18?
True
Does 54 divide 66889?
False
Is 1350 a multiple of 90?
True
Is 1248 a multiple of 16?
True
Does 42 divide 437?
False
Is 30 a factor of 74640?
True
Does 32 divide 208?
False
Is 252 a multiple of 14?
True
Is 1035 a multiple of 23?
True
Is 3994 a multiple of 17?
False
Is 1600 a multiple of 10?
True
Does 248 divide 15128?
True
Does 116 divide 30322?
False
Is 1849 a multiple of 14?
False
Is 21 a factor of 15498?
True
Is 800 a multiple of 25?
True
Is 34 a factor of 2486?
False
Is 3313 a multiple of 9?
False
Is 743 a multiple of 4?
False
Is 1353 a multiple of 11?
True
Is 5085 a multiple of 15?
True
Is 43 a factor of 1247?
True
Is 29 a factor of 754?
True
Is 20 a factor of 43?
False
Is 7 a factor of 4706?
False
Is 40937 a multiple of 264?
False
Does 19 divide 363?
False
Is 6960 a multiple of 116?
True
Is 1708 a multiple of 13?
False
Is 45 a factor of 1319?
False
Is 1547 a multiple of 91?
True
Does 4 divide 70?
False
Is 56 a factor of 16688?
True
Is 12 a factor of 1128?
True
Does 252 divide 5387?
False
Is 11 a factor of 1035?
False
Does 12 divide 348?
True
Does 5 divide 785?
True
Is 108 a multiple of 27?
True
Does 45 divide 855?
True
Is 105 a factor of 13020?
True
Is 13 a factor of 6318?
True
Does 17 divide 18343?
True
Is 11 a factor of 2995?
False
Is 10 a factor of 23561?
False
Does 71 divide 781?
True
Is 216 even?
True
Is 1657 a multiple of 24?
False
Is 12 a factor of 588?
True
Is 33 a factor of 27386?
False
Does 124 divide 20956?
True
Is 12 a factor of 516?
True
Is 79 a factor of 1343?
True
Does 17 divide 1068?
False
Is 101 a factor of 17473?
True
Is 39595 a multiple of 94?
False
Is 196 a factor of 49784?
True
Does 23 divide 3192?
False
Is 1820 a multiple of 52?
True
Is 4 a factor of 15164?
True
Is 256 a multiple of 4?
True
Is 44 a factor of 413?
False
Is 13 a factor of 171559?
False
Is 12 a factor of 12480?
True
Does 19 divide 1859?
False
Is 1030 a multiple of 32?
False
Does 79 divide 13481?
False
Is 12 a factor of 10801?
False
Does 35 divide 5140?
False
Is 32 a factor of 4680?
False
Does 21 divide 8442?
True
Does 113 divide 2260?
True
Is 10 a factor of 3430?
True
Is 9 a factor of 45?
True
Is 20 a factor of 788?
False
Does 36 divide 2048?
False
Does 8 divide 6092?
False
Is 4 a factor of 156?
True
Is 230 a factor of 59340?
True
Is 7 a factor of 35023?
False
Is 3 a factor of 861?
True
Is 27 a factor of 24413?
False
Is 15 a factor of 4860?
True
Is 11 a factor of 547?
False
Is 7 a factor of 364?
True
Does 18 divide 3888?
True
Is 148 a multiple of 14?
False
Is 3162 a multiple of 56?
False
Does 8 divide 344?
True
Is 31239 a multiple of 27?
True
Is 1104 a multiple of 24?
True
Is 632 even?
True
Is 16 a factor of 448?
True
Is 90 a factor of 27137?
False
Is 678 a multiple of 56?
False
Is 227 a factor of 3249?
False
Is 8 a factor of 1333?
False
Is 12 a multiple of 12?
True
Is 30 a factor of 966?
False
Is 2 a factor of 449?
False
Is 1620 a multiple of 108?
True
Is 959 a multiple of 42?
False
Is 14 a factor of 4559?
False
Is 163 even?
False
Is 50 a factor of 25316?
False
Does 63 divide 168?
False
Is 16 a factor of 2985?
False
Is 10317 a multiple of 12?
False
Is 1352 even?
True
Is 53 a factor of 2067?
True
Does 81 divide 3701?
False
Is